6)*-22. Suppose z - 1 = 4, -2*z - m = -2*r. Is r a composite number?
False
Is (4/(-10))/((-16)/8)*10765 a prime number?
True
Is (39686/18)/((-265)/45 + 6) a prime number?
True
Let u(j) = -28*j - 1. Let p be 30/8 + (-8)/(-32). Suppose 4*b = -t - p, 3*t + 3*b = -2*b - 12. Is u(t) prime?
False
Let m = -37956 + 56309. Is m a prime number?
True
Suppose 4*t + 127 = 31. Let n be ((-1)/(-2))/((-4)/t). Suppose n*c - c = 138. Is c a prime number?
False
Suppose 95 = 3*f - 0*f - p, 5*f + 2*p - 140 = 0. Let a be (-8)/(-3) + f/(-45). Is a/(-6) - (-1038)/9 prime?
False
Suppose 5*m - 4127 = -4*u, -m - 917 = -4*u + 3192. Is 4/8*u/2 composite?
False
Let m = 34 + -34. Suppose 2*y + 2*v = -m*y + 142, 0 = -3*v. Is y a prime number?
True
Suppose 5*s + 2*c - 37387 = 0, 10180 = -5*s + 5*c + 47560. Is s composite?
False
Let m be (1 - 1)/(8 + -10). Suppose m = -4*y + 3*y. Suppose 5*u - 1325 - 1190 = y. Is u prime?
True
Suppose -2*f - 17*f + 9823 = 0. Is f a prime number?
False
Let h = -135 - 270. Let u = h - -758. Is u composite?
False
Is -1 + (-11)/(-7) - 3513913/(-91) a prime number?
False
Let o(a) = 16*a + 2*a**2 - 34*a**3 + 58*a**3 - 3 - 7*a. Is o(4) a prime number?
True
Let w(r) = -382*r - 1. Let s be w(7). Let z be s/8 - 24/(-64). Let v = z - -491. Is v prime?
True
Let t be ((-3396)/10)/(-1) + 42/105. Let m = t + -183. Is m a composite number?
False
Suppose -47*v + 58*v - 173965 = 0. Is v composite?
True
Suppose -4*p + 2 = -3*p. Let w be ((-4)/2)/(p/(-3)). Suppose -w*m + 2*m = 4*c - 81, 2*c - 75 = -m. Is m prime?
False
Let g = 13248 - 8277. Is g composite?
True
Let a(c) = c**2 - c - 30. Let y be a(-5). Is (-5)/15*(1 + y + -16942) prime?
True
Suppose -5 = 4*m + 2*o - 29, -3*m = -5*o - 5. Suppose -4*n + 1362 + 2016 = 2*w, -5*w = -m*n - 8370. Is w prime?
False
Suppose 0 = 5*p - 15, -2*p - p = -5*r + 6. Suppose -4*c + c = a + 3, -4*c + r*a = -9. Suppose c = 4*i + 20, 0*u - u + 20 = -i. Is u prime?
False
Suppose -4*c - 6*f + 27 = -3*f, 5*c - 35 = -4*f. Suppose c*k - 1423 = 2030. Is k prime?
True
Is 4/(-16) - (-6629)/4 a composite number?
False
Suppose -5*v - 3*z = -8*v + 27279, 5*z = -v + 9081. Is v a composite number?
False
Suppose 6*k - 3*h = k + 1607, -3*h + 945 = 3*k. Is k prime?
False
Let u(g) = -146*g - 1. Suppose 3*j + 7 - 10 = 0. Suppose -18 = 3*m + 5*b, -2*m + 0*m = -b - j. Is u(m) composite?
True
Let n = 46965 + -19118. Is n a composite number?
False
Suppose -d + 6*z + 1526 = z, -d = 5*z - 1556. Is d a composite number?
True
Let i(v) = 68*v**2 + 3*v - 4. Let j be i(4). Let y = j - 1873. Let x = -334 - y. Is x composite?
False
Suppose 0 = 2*k - 3*v + 1, 16 = -5*k + 3*v. Is 8280/32*(-1 - k) + 2 a composite number?
True
Let l = -11 + 16. Suppose -l*y - 5195 = -10*y. Is y a prime number?
True
Let s be (18 + -18)/(-2 + 0). Suppose w - 1 - 162 = s. Is w a prime number?
True
Let x = -2948 - -6541. Is x a prime number?
True
Let b = -994 - -1465. Suppose -v = 4*s - b, 3*s = 8*s + 2*v - 588. Is s a composite number?
True
Suppose 10743 = 5*l - c, 4*c - 2157 = -l - 0*l. Is l a composite number?
True
Suppose 4407635 = 58*y + 1062949. Is y a composite number?
False
Suppose -3136 - 379 = -5*d. Let s = -214 + d. Is s a prime number?
False
Suppose 0 = -6*l + 1074 + 264. Let g = l - 152. Is g prime?
True
Suppose -4*s + 15 = g, 5*g - 16 = -4*s + 11. Let f(v) = 32*v**2 + s*v + 3 - v + 2*v - 6*v. Is f(2) a composite number?
False
Let p(h) be the first derivative of 14*h - 14/3*h**3 + 2 - 1/4*h**4 - 13/2*h**2. Is p(-13) composite?
True
Let d = 13 + -10. Suppose r - 829 = 3*m, d*m = -r - 0*m + 841. Is r a composite number?
True
Suppose 48103 + 2309 = 12*d. Is d composite?
False
Let c be -2 - -2 - 1*-2. Let a be (20/30 - 496/(-3)) + 1. Suppose c*p = 3*p - a. Is p a composite number?
False
Let t be 16/(15/6 + -2). Let i be 0 + 0 - (12 - -36). Is (t/i)/(2/(-3027)) a prime number?
True
Let c be ((-208)/130)/(2/(-5)). Suppose -4*t = 4*n - 612, -3*n - 797 = -9*t + c*t. Is t a composite number?
False
Let a = 108 + -46. Suppose 4*h + m = -1717, -4*m - 924 = 2*h - a. Let w = -74 - h. Is w a composite number?
True
Let w(f) = 926*f**2 - 31*f - 23. Is w(4) a composite number?
False
Suppose -2*j - 2*j = -3*z - 3551, -3*z + 884 = j. Is j a prime number?
True
Let m be 12/(1 + -2) - -3. Let z(k) = k**3 + 9*k**2 - k - 7. Let g be z(m). Suppose 0 = -5*d - 5*o + 1190, -g*d - 3*o = 223 - 704. Is d prime?
True
Suppose 94*z + 3*w = 98*z - 9320, -3*w - 6987 = -3*z. Is z a prime number?
True
Let d = -10924 + 25717. Is d prime?
False
Is (7/(-7)*-211)/(3 - 2) a composite number?
False
Suppose x + o + 4 = 0, -4*x - 5*o = -3*x - 8. Let g(w) = -12 - 7*w - 8*w - 4. Is g(x) a prime number?
True
Let z(q) = q**3 - 3*q**2 + 5*q + 3. Let t be z(-3). Let v be (-4)/(-22) - 252/t. Suppose -3*b - 887 = -v*b. Is b a composite number?
False
Suppose -883 = -m - 7*g + 5*g, -4*m + g + 3559 = 0. Is m a composite number?
True
Let s(l) = -12024*l + 13. Is s(-1) a composite number?
False
Suppose 384 = -13*w - 474. Is (-2*(-508)/(-24))/(2/w) composite?
True
Let k = 0 - -26. Suppose -3*j = -4*m + 1, -k + 9 = -5*j + 2*m. Suppose 12 = j*p - 53. Is p prime?
True
Let x(j) = 26*j + 45. Let q be x(9). Let b be 3 - ((0 - 2) + 2). Suppose v - 2*g = -3*g + 287, q = v + b*g. Is v prime?
False
Let f(q) be the third derivative of -14/3*q**3 + 10*q**2 + 0 - 3/8*q**4 + 0*q. Is f(-13) composite?
False
Suppose 7*r - 264 = -r. Let w = r + -37. Is (6/(-9))/(w/66) a prime number?
True
Suppose 0 = 4*r + 3*x + 2*x - 24749, 5*x + 24699 = 4*r. Is r a prime number?
False
Let z = -28 - -18. Let u be 6/2 - (9 + z). Suppose -2*v - u*b = -26, 5*b + 140 = 6*v - v. Is v a prime number?
True
Is (-59116)/(-6)*5*(-24)/(-80) a prime number?
True
Let d(r) = -42 + r**3 + 46 + 0*r**3. Let p be d(0). Let i(f) = 83*f - 9. Is i(p) a prime number?
False
Is 10/2*(-103156)/(-340) prime?
False
Suppose -b + 6 = -0*b. Suppose 1062 + b = 3*q. Suppose -5*h + q = -h. Is h a prime number?
True
Suppose 14*i + 26389 = 153215. Is i a composite number?
False
Suppose -815 = 5*z + 8125. Let x be (z/30)/(4/(-10)). Suppose -2*g - 52 = -j, -3*j - 17 = 2*g - x. Is j a prime number?
False
Let q(u) = u**2 - 1. Let z be q(-1). Suppose 0 = 5*i + 5*h - 2210, z = -3*i + h + 964 + 374. Is i prime?
False
Suppose -2*o + 201 = 5*d, -d = 3*o + 2*o - 468. Suppose 5*n - 1207 - o = 0. Suppose z - 4*z = 3*j - 387, -2*j + n = 3*z. Is j a composite number?
False
Let d be (-1)/(1/1) - -12. Let a = 16 - d. Suppose w = q + 72, a*w = 2*w + 5*q + 218. Is w a prime number?
True
Let r(k) be the third derivative of -19*k**7/5040 - k**6/120 - k**5/20 + 5*k**2. Let x(b) be the third derivative of r(b). Is x(-7) a composite number?
False
Let m(l) = -1064*l + 5. Suppose -6 = 3*y - 3. Is m(y) composite?
False
Suppose 0 = 3*v + v - 20. Suppose 2*u = -4*t + 2670, v*t = -5*u - 0*u + 3330. Is t prime?
False
Suppose 0 = 13*g - 15*g - 3*l + 11810, 4*g - 2*l - 23620 = 0. Is g prime?
False
Suppose -20*y - 345800 = -25*y - 5*v, 5*v + 15 = 0. Is y a composite number?
False
Suppose 157*o + 9489 = 160*o. Is o composite?
False
Is (-2)/(-5 + -3) - (-27417)/12 composite?
True
Suppose 0 = -2*l + 6*l. Let o be 1 - (l + (-1 - 0)). Is (10/4 - o)*142 a composite number?
False
Let n = 10 + -5. Suppose 20 = -n*l - 20. Let j(w) = 3*w**2 - 9*w + 5. Is j(l) composite?
False
Suppose 7496 = c + 1027. Is c a composite number?
False
Is (2/(-6)*1)/((-4)/109236) prime?
True
Let t(k) = 8*k + 7. Let y be t(8). Let s = 558 - y. Is s prime?
True
Let m be 1/(-4) + 78/24. Suppose -i + 8 = -m. Let t(r) = r**3 - 10*r**2 - 10*r. Is t(i) a composite number?
False
Let j be 39/12 + 10/(-8). Is (j/(-1) - -2) + (-7224)/(-24) a prime number?
False
Let l(x) = -5*x - 1. Let b be l(-2). Suppose 0 = -b*u + 14*u - 10450. Suppose 0*v - 1683 = -4*a - v, 4*v = -5*a + u. Is a a composite number?
True
Suppose 30*h - 45*h = -89295. Is h composite?
False
Suppose 0 = 188*y - 194*y + 130794. Is y a prime number?
True
Is 74250/30 - (3 + 1)/2 prime?
True
Suppose -2*b = -4*f + 1 - 15, -5*f = 4*b + 24. Is f + 2/(-7) + (-28372)/(-28) composite?
False
Suppose -55901 = -339*o + 336*o + f, 2*o + f = 37264. Is o a prime number?
False
Suppose 1233 = 6*m - 3*m. Is m a composite number?
True
Suppose 5*d + 2*z - 24 = d, -3*d + 25 = 5*z. Suppose q = -y + 7607, -y + 10848 = -d*q + 3229.